 number?
True
Is 1785796379 composite?
True
Is 168710632159 a prime number?
True
Is 1610550281 prime?
True
Is 3670154281 a composite number?
False
Is 5608454531 a prime number?
True
Is 29134269889 a composite number?
False
Is 9413079447 a prime number?
False
Is 24582369943 a prime number?
True
Is 2496306485 a prime number?
False
Is 927048926 a prime number?
False
Is 29309329337 a composite number?
False
Is 53274599879 a prime number?
True
Is 611903849 a prime number?
True
Is 19236649283 prime?
False
Is 1231640317 prime?
False
Is 1498565951 a composite number?
False
Is 6451517353 a prime number?
False
Is 82521654973 composite?
False
Is 699114499 a prime number?
True
Is 32212313017 composite?
False
Is 2781474779 a prime number?
True
Is 27145563251 composite?
False
Is 15309905507 prime?
False
Is 41101013 composite?
True
Is 2026014461 a composite number?
False
Is 53359556933 a prime number?
True
Is 833720401 a prime number?
True
Is 190618877 a composite number?
True
Is 15985410463 prime?
False
Is 1019608673 a prime number?
True
Is 585363265 a composite number?
True
Is 68795997509 prime?
True
Is 4788971114 a composite number?
True
Is 20007280823 a composite number?
False
Is 178642183 composite?
False
Is 2963921897 a composite number?
False
Is 2150379893 a composite number?
False
Is 59068266013 a prime number?
True
Is 11401978249 prime?
True
Is 6174495941 a composite number?
True
Is 361284094 a composite number?
True
Is 323197247 a composite number?
True
Is 31272463879 composite?
True
Is 2451360797 composite?
True
Is 1435729289 a prime number?
True
Is 56789115217 a prime number?
True
Is 55404611 a prime number?
True
Is 4039070099 a composite number?
False
Is 69636467 a prime number?
True
Is 130751503 composite?
False
Is 128360474147 a composite number?
False
Is 98226153307 a composite number?
True
Is 8932050817 prime?
True
Is 36980965807 a prime number?
True
Is 6261249139 prime?
False
Is 2856784529 a prime number?
False
Is 30691471 composite?
True
Is 4456114361 prime?
True
Is 20131972451 composite?
False
Is 3635156843 a prime number?
True
Is 1412681909 composite?
False
Is 103406333 composite?
True
Is 8673811717 composite?
False
Is 18386890399 prime?
True
Is 1283982031 a composite number?
False
Is 799707467 a prime number?
False
Is 59383933093 a prime number?
True
Is 5238486787 prime?
True
Is 33382297617 a prime number?
False
Is 1786094581 composite?
True
Is 8387930261 a prime number?
True
Is 14875997 prime?
True
Is 785605063 a prime number?
True
Is 626008379 prime?
True
Is 4892863277 a composite number?
True
Is 303363089 composite?
False
Is 23313401015 prime?
False
Is 1657187551 a composite number?
False
Is 1884093073 a composite number?
False
Is 14877881097 a prime number?
False
Is 348085915 composite?
True
Is 39419799499 a prime number?
False
Is 14975042681 a prime number?
True
Is 528058121 a composite number?
True
Is 247524311 composite?
True
Is 3880627571 a composite number?
False
Is 7517765747 a composite number?
False
Is 2102839457 a prime number?
False
Is 1119981979 a composite number?
True
Is 348798862 composite?
True
Is 1467949687 prime?
False
Is 7296528049 prime?
True
Is 9020129129 a prime number?
False
Is 912128143 a composite number?
True
Is 315202774973 composite?
False
Is 266735662873 a composite number?
False
Is 44662976663 composite?
False
Is 3395201639 a prime number?
False
Is 5824879301 a prime number?
False
Is 4308908867 composite?
True
Is 12070875797 a composite number?
True
Is 29237564399 prime?
True
Is 4270997147 a prime number?
True
Is 1126625789 a prime number?
True
Is 2577026461 prime?
False
Is 1932212071 a composite number?
False
Is 1960939073 composite?
False
Is 55453885093 a composite number?
True
Is 25551970761 a prime number?
False
Is 26658018091 a composite number?
True
Is 2935138351 prime?
True
Is 8300361691 a composite number?
False
Is 1025616577 a prime number?
True
Is 532192607 prime?
False
Is 37053475541 a prime number?
True
Is 49950997087 a prime number?
True
Is 395869823 a composite number?
True
Is 46005064951 prime?
True
Is 33190067917 a composite number?
False
Is 836597813 a composite number?
False
Is 594853241 prime?
True
Is 846332237 a prime number?
False
Is 1100111519 a prime number?
False
Is 1307612063 a composite number?
True
Is 8111822241 composite?
True
Is 11462221777 a composite number?
True
Is 3901611511 composite?
True
Is 78753348493 a composite number?
False
Is 1108952139 prime?
False
Is 1311893257 prime?
False
Is 455613857 a composite number?
False
Is 4513620781 a prime number?
False
Is 876948019 prime?
True
Is 36070779959 a prime number?
False
Is 6535102313 composite?
False
Is 171001135 a prime number?
False
Is 12545936591 prime?
False
Is 2050409143 prime?
False
Is 4815350851 a composite number?
True
Is 21657039623 a composite number?
True
Is 806619386 a composite number?
True
Is 17951733157 a composite number?
False
Is 35928235337 composite?
False
Is 10307253373 composite?
True
Is 10314313 prime?
False
Is 51913293709 composite?
False
Is 38972119911 prime?
False
Is 4786582639 prime?
False
Is 2959051201 composite?
True
Is 1925852869 a prime number?
False
Is 46376510717 composite?
True
Is 167333905 composite?
True
Is 486901327 prime?
False
Is 1765297943 a composite number?
False
Is 11152842443 a composite number?
False
Is 2208343957 prime?
False
Is 111724619 composite?
False
Is 733556419 a composite number?
False
Is 4293854801 a composite number?
True
Is 23386284841 prime?
True
Is 1157359117 prime?
True
Is 7017006327 a prime number?
False
Is 60734826199 a composite number?
True
Is 12407698861 composite?
False
Is 285132431 prime?
True
Is 59054528006 a composite number?
True
Is 134901623 a prime number?
True
Is 1629114577 composite?
False
Is 56337829 prime?
False
Is 14436138271 prime?
True
Is 73099331 prime?
True
Is 684813137 a prime number?
False
Is 2557578799 composite?
False
Is 244376339519 prime?
False
Is 27547221487 a prime number?
True
Is 21323691947 a prime number?
True
Is 3527835001 a composite number?
True
Is 32581208047 a composite number?
False
Is 19619862033 prime?
False
Is 232962251 composite?
False
Is 1550882569 composite?
True
Is 10266115081 composite?
True
Is 59654483231 prime?
False
Is 774876299 a prime number?
True
Is 19707978889 a prime number?
True
Is 3528732889 prime?
False
Is 1286158871 a composite number?
True
Is 1749241847 prime?
True
Is 3833835781 composite?
True
Is 2065758949 a composite number?
True
Is 39940484827 prime?
True
Is 61587413781 a prime number?
False
Is 209015652271 composite?
True
Is 1309816777 a composite number?
True
Is 16608231173 composite?
True
Is 5009421899 a composite number?
False
Is 2475809293 a composite number?
False
Is 1296152761 composite?
False
Is 21635882 a composite number?
True
Is 13191577183 composite?
False
Is 12420278983 composite?
True
Is 6636989353 a prime number?
True
Is 535685369 composite?
False
Is 371424997 a prime number?
False
Is 24695726143 composite?
True
Is 984588263 composite?
True
Is 6466127791 composite?
False
Is 124155137 a prime number?
False
Is 46714978319 prime?
True
Is 206071373 a prime number?
True
Is 1515988709 prime?
False
Is 19665125231 composite?
False
Is 155454752291 a prime number?
True
Is 8715818197 a prime number?
True
Is 91692379 prime?
True
Is 11007243839 a prime number?
True
Is 4746040203 a composite number?
True
Is 45142319063 a prime number?
True
Is 501100159 prime?
False
Is 3834338843 a composite number?
False
Is 792890551 composite?
False
Is 11902831091 a composite number?
False
Is 34698488677 composite?
True
Is 3536082499 prime?
False
Is 618105149 a composite number?
True
Is 2895608371 prime?
False
Is 32111643337 prime?
True
Is 21099065501 a prime number?
False
Is 29447723674 a composite number?
True
Is 780526463 composite?
True
Is 28150019413 prime?
True
Is 8147511991 a prime number?
False
Is 14638695061 a composite number?
False
Is 7564991689 composite?
False
Is 717954229 a prime number?
True
Is 5302900303 a prime number?
False
Is 4003019 a prime number?
True
Is 3809913413 prime?
True
Is 38053857143 composite?
False
Is 884776829 composite?
True
Is 1844295238 prime?
False
Is 28524431 composite?
True
Is 24648068857 a prime number?
True
Is 453485335 composite?
True
Is 4078118237 a composite number?
True